9
Let y = -105 - -111. Let q(p) = 24*p - 20. List the prime factors of q(y).
2, 31
Suppose -4*k = -10*k. Suppose -3*y + y + 12 = k. List the prime factors of y.
2, 3
Suppose -2*v - 3*t - 21 = 0, 3 = 4*t + 15. Suppose 3*z - 2*s - 58 = 0, -3*z - s + 59 = 7. Let u = z + v. List the prime factors of u.
2, 3
Suppose -6 = -2*y + 2. List the prime factors of (-1089)/(-22) + (-6)/y.
2, 3
Let i(n) = -n**3 - 3*n**2 + 8*n + 5. Suppose 4*g + 24 - 4 = 5*v, 4*g = 4*v - 20. List the prime factors of i(g).
3, 5
Let t = 14 + -49. Suppose 4*h - 2*h + 298 = 5*s, 4*h = -4*s + 244. Let j = t + s. List the prime factors of j.
5
Suppose -5*n + 4*x + 4727 = 0, 4*n + 14*x = 12*x + 3792. What are the prime factors of n?
947
Let s(i) = i + 2. Let h be s(-2). Suppose 2*b = -h*b - 80. Let z = -24 - b. List the prime factors of z.
2
Suppose j - 5*i = 1, -j + 3*j + 40 = -4*i. Let o be (-5)/(-10)*j*-1. Suppose 270 = o*a - a. List the prime factors of a.
3, 5
Let g = 23 + 249. What are the prime factors of g?
2, 17
Let h(a) = a**3 + 6*a**2 - 1. Let p(w) = -w**2 - 4*w + 8. Let b be p(-6). Let x be h(b). Suppose 4*u - 143 = -x. List the prime factors of u.
2, 7
Suppose -5*h + 30 = -d, h + 4*d - 2 = 5*d. Let l(k) = -k**3 - 10*k**2 + k + 11. Let o be l(-10). List the prime factors of 133/h - 3/o.
2
Suppose -3*f = 2*f - 2*f. List the prime factors of -2 + f + 1*15.
13
Let o(y) = y**3 + 8*y**2 - 2*y - 12. Let r be o(-8). Suppose -3*i + 2*s - 49 = -0*s, 2*i = -r*s - 22. What are the prime factors of 1/(-4 - 65/i)?
3
Suppose 5*n - 721 = q + 726, -2*n + 5*q + 565 = 0. List the prime factors of n.
2, 5, 29
Let g be 2/4 + 6/4. Let c be ((-4)/(-3))/(g/3). Suppose 0 = c*z + 23 - 73. List the prime factors of z.
5
Let y = -20 - -22. Suppose -3*q + q + y = 0. Suppose -6*z = -q - 23. What are the prime factors of z?
2
Let p be (-4)/(-22) - (2 - (-700)/(-22)). List the prime factors of p - ((3 + -2 - 1) + -3).
3, 11
Let a(q) = -112*q - 520. List the prime factors of a(-5).
2, 5
Suppose 5*r - 11483 = -3*m, -5*m - 3*r = -18643 - 490. What are the prime factors of m?
2, 1913
Let p = -22 - -1635. List the prime factors of p.
1613
List the prime factors of (-10435)/(-6) + (-2)/12.
37, 47
Let u = 119 + 49. Suppose g + 431 = 6*g + 2*t, 3*t = -2*g + u. What are the prime factors of g?
3, 29
Suppose -4*y + 18 = -0*g - 3*g, -3*y + 5*g = -8. What are the prime factors of 6/(y + -2 + 102/(-27))?
3
Let d be (4/10)/((-3)/(-3375)). Suppose -6*o + d = -0*o. List the prime factors of o.
3, 5
Let u be 4 - (6/3 - 3). Suppose u*c - 100 = 160. What are the prime factors of c?
2, 13
Let m be 0/(-2) + -10 - -2. Let v be 8/10*(-340)/m. Let d = v + -19. What are the prime factors of d?
3, 5
Suppose a = -15*z + 17*z - 446, 667 = 3*z - 2*a. What are the prime factors of z?
3, 5
Let a(b) = b**3 + b. Let h(y) = -20*y**3 + 2*y - 1. Let d(x) = a(x) - h(x). Let j be d(1). Let w = j + 21. List the prime factors of w.
2, 3, 7
Suppose 30*p - 23998 = 19892. What are the prime factors of p?
7, 11, 19
Suppose 3*w + 3*z = 321, -8*w + 5*z = -3*w - 505. List the prime factors of w.
2, 13
Let x = -5 - -11. Suppose 25 = v + x. Suppose v = 5*c + 4. List the prime factors of c.
3
Suppose -14*k = -4*m - 16*k + 12572, -6302 = -2*m + 3*k. List the prime factors of m.
5, 17, 37
Let k be ((-2)/5)/((-7)/(-10640)). Let a = -352 - k. What are the prime factors of a?
2
Let t(i) be the third derivative of -i**5/60 + i**4/4 - 7*i**3/6 - 4*i**2. Let j be t(6). What are the prime factors of 16/7 - (-2)/j?
2
Let x = 26 - -38. Suppose -255 = -a - x. Suppose 0 = -2*j + 4*k + 68, -7*j + a = -2*j - 3*k. What are the prime factors of j?
2, 5
What are the prime factors of 8/28 + (-698)/(-7)?
2, 5
Suppose -9*u + 114 = -7*u. Let m = 70 - u. List the prime factors of m.
13
Let b = -51 + 112. Let n = b - 26. What are the prime factors of n?
5, 7
Let t = 25 - 19. List the prime factors of 333/t + 2/4.
2, 7
Suppose 5*a = 7 + 13. Suppose -a*j = 5*i - 355, i = -4*i + 5*j + 400. Let p = 120 - i. What are the prime factors of p?
3, 5
Suppose 0 = -12*j + 27*j + 1260. Let v = 13 - j. What are the prime factors of v?
97
Suppose -102 = d - 3*o, 200 = -3*d + 3*o - 88. Let f = -51 - d. What are the prime factors of f?
2, 3, 7
Let v be 4/10 + (-5820)/(-75). List the prime factors of (171/27 + -5)/(4/v).
2, 13
Let i be (-3)/6 + (-1112)/(-16). List the prime factors of (0/2)/(-5) + i.
3, 23
Suppose -2*t - 2*z = -32, 4*t - 69 = -4*z - z. Suppose 805 = t*j - 394. What are the prime factors of j?
109
Suppose -20 = -5*p - 4*z, -10 = -4*p + 3*z + 6. Suppose 0 = p*w - 2035 + 747. List the prime factors of w.
2, 7, 23
Suppose -s + 28 = 2*h - 6*s, 3*s + 12 = 0. Suppose 94 = -h*q + 630. Suppose -5*b - 9 = -q. List the prime factors of b.
5
Suppose 11*p - 3*p + 80 = 0. Let z = 15 - p. What are the prime factors of z?
5
Let d = 1165 + 157. What are the prime factors of d?
2, 661
Let d be 2/(-3) + 56/3. Let x = d + -16. Suppose x*h - h = 25. List the prime factors of h.
5
Let y = -1658 - -2527. What are the prime factors of y?
11, 79
Let g be 5/2*(0 + -6). Let w = -57 - -33. Let y = g - w. What are the prime factors of y?
3
Let h(x) be the first derivative of -7*x**2/2 + x + 3. Suppose -7*c - 54 = 2*c. List the prime factors of h(c).
43
Suppose -3*a + 21*o - 25*o = -3570, -o = 4*a - 4773. What are the prime factors of a?
2, 3, 199
Suppose 5*n = -5*n. Suppose n = -4*h - 2*m + 276, -4*h + 105 = -m - 177. What are the prime factors of h?
2, 5, 7
Let v be 12*4/40*(-5)/(-2). Suppose -18*x + v*x + 1020 = 0. What are the prime factors of x?
2, 17
Let h(c) = 5*c**3 + 6*c + c**2 - 3*c**3 - 6 - 1 - c**3. What are the prime factors of h(4)?
97
Suppose -115 = 2*v - 23. Let x = 81 + v. Let n = x + 21. List the prime factors of n.
2, 7
Suppose -3*y = 2*o - 2750 - 82, -4*o = -y - 5636. What are the prime factors of o?
2, 3, 5, 47
Suppose -18 = -3*g - 5*d - 81, -2*g - 5*d - 47 = 0. Let k be (-1)/(-4) - (-36)/g. What are the prime factors of (1 + k)*(-68)/4?
17
Let w(m) = m**2 + 15*m + 24. What are the prime factors of w(17)?
2, 71
List the prime factors of 66 - (-12)/(0 + 3).
2, 5, 7
Let r = -317 - -218. List the prime factors of (-629)/(-11) + 18/r.
3, 19
Suppose -6*i + 6997 = -22901. List the prime factors of i.
3, 11, 151
Let g(p) = p**3 + 13*p**2 - 45*p + 4. Let c be g(-16). Let k = 12 - 21. Let s = k - c. List the prime factors of s.
5, 7
Suppose 0 = 3*d - 5*v - 131, -4*v + 27 = 2*d - 53. List the prime factors of d.
2, 3, 7
Suppose 3*i + 3 = -3*x, 0*x + 18 = 2*i - 3*x. Let n be (5 - 425)/(-6) + 2. Suppose -n = -i*j - 15. List the prime factors of j.
19
What are the prime factors of ((-191)/4 - 0)*(-8)/2?
191
Suppose 0 = i - 4*h - 21, 4*h + 14 = -2. List the prime factors of 1 + 38 + 0 + -2 + i.
2, 3, 7
Suppose -10*p = -5*p - 4040. List the prime factors of (-2)/6 - p/(-12).
67
Suppose 2*n - 12000 = -2*b, 2*b - 8427 = 2*n + 3585. What are the prime factors of b?
3, 23, 29
Suppose -7*h = -0*h - 14. Suppose -h*f + 57 = -115. Let k = f + -48. List the prime factors of k.
2, 19
Let k be 4250/40 + (1/(-4) - -1). Suppose 0 = -5*l + 4*l + k. List the prime factors of l.
107
Let b = 16481 + -11435. What are the prime factors of b?
2, 3, 29
Let r(j) = j + 9. Let n be 3 - (-2 - 15/(-1)). Let k be r(n). What are the prime factors of (k + 15)*1 + 0?
2, 7
Let g(u) = u**3 - 7*u**2 + 7*u - 6. Let a be g(6). Let n = -17 - -74. Suppose -5*y + n + 78 = a. List the prime factors of y.
3
Let l = 50 + -45. Let p(y) = 8*y - 21. List the prime factors of p(l).
19
Let m(t) = -419*t + 127. What are the prime factors of m(-3)?
2, 173
Let g be (-5 - -10)*(-4)/(-1). Suppose -9*q + g = -5*q. What are the prime factors of q?
5
Suppose p = -3*b + 194 + 30, 4*b = 2*p + 282. Let r(x) = 26*x**2 + x + 2. Let h be r(2). Let i = h - b. List the prime factors of i.
5, 7
Suppose -3*v = -2*v + 32. Suppose -2*c = -5*t - 99, t - 27 = 2*t - 4*c. Let a = t - v. What are the prime factors of a?
13
Let k(l) = -l**3 + 7*l**2 + 6*l + 2. Let h be k(6). Suppose -4*s - 4*z = 28, 5*s - 32 = 2*z - h. Let p = 0 - s. List the prime factors of p.
2
Suppose -3*z + z + 28 = 0. List the prime factors of 2705/35 + -2 + (-4)/z.
3, 5
Let o = 3752 - 2573. What are the prime factors of o?
3, 131
Let g(q) = 4*q**2 + 3*q - 2. Let u(d) = -d**2 - 1. Let m(j) 